mber?
True
Is 88547 composite?
False
Is 9528697 composite?
True
Is 58177939 a composite number?
False
Is 5331185 a prime number?
False
Is 652439 a prime number?
False
Is 6921289 a composite number?
True
Is 6398759 prime?
True
Is 84610817 a composite number?
True
Is 11856629 prime?
True
Is 187550903 composite?
False
Is 13671187 composite?
True
Is 643919 a prime number?
True
Is 54755747 prime?
True
Is 404008887 a prime number?
False
Is 134045669 composite?
True
Is 338692837 a prime number?
False
Is 21147281 prime?
False
Is 22168837 a composite number?
True
Is 256870769 prime?
True
Is 14547899 composite?
True
Is 283061081 composite?
False
Is 6377243 composite?
True
Is 5382637 composite?
True
Is 288437 composite?
True
Is 78701807 a composite number?
False
Is 236120317 prime?
True
Is 15198217 a composite number?
True
Is 4302358 prime?
False
Is 8592205 composite?
True
Is 129886753 composite?
False
Is 9761107 composite?
False
Is 188580551 a composite number?
False
Is 7135309 prime?
True
Is 126110377 a composite number?
True
Is 14509059 a prime number?
False
Is 3877543 prime?
True
Is 46108697 a prime number?
False
Is 17016463 prime?
True
Is 249425611 a composite number?
False
Is 21099587 a prime number?
True
Is 49865779 a composite number?
False
Is 310501 a prime number?
True
Is 559222639 prime?
False
Is 21472531 a composite number?
False
Is 1452631 a prime number?
True
Is 4342829 prime?
True
Is 2464447 composite?
True
Is 35935309 prime?
True
Is 8275703 composite?
False
Is 25526749 a prime number?
True
Is 4511877 prime?
False
Is 523898591 prime?
False
Is 2944901 prime?
False
Is 30136063 a prime number?
True
Is 5853467 composite?
False
Is 17029283 composite?
False
Is 93799 a composite number?
True
Is 1412179 a composite number?
True
Is 167242063 a composite number?
False
Is 506249 a composite number?
True
Is 399930169 a composite number?
True
Is 41371367 a composite number?
False
Is 34704821 a prime number?
False
Is 11330921 prime?
False
Is 7914757 a composite number?
True
Is 10080491 a prime number?
True
Is 202120543 prime?
True
Is 17386969 composite?
True
Is 1980049 composite?
True
Is 47415883 a prime number?
True
Is 61492253 a composite number?
True
Is 806971 a prime number?
False
Is 7088327 a composite number?
True
Is 62198333 composite?
True
Is 288752081 prime?
False
Is 6854299 a composite number?
True
Is 1035661 a prime number?
False
Is 31810643 prime?
False
Is 14701469 a composite number?
True
Is 26933155 prime?
False
Is 145468963 composite?
False
Is 5874007 prime?
True
Is 53459173 composite?
False
Is 647329 a prime number?
False
Is 1188917 composite?
False
Is 5768849 a composite number?
True
Is 12327041 prime?
True
Is 112035757 prime?
True
Is 7995829 composite?
True
Is 5328139 a prime number?
False
Is 5936099 prime?
False
Is 51074537 composite?
False
Is 13384547 a composite number?
True
Is 5040629 a prime number?
False
Is 45760193 a prime number?
True
Is 5743627 prime?
True
Is 33594419 a composite number?
False
Is 7115153 composite?
False
Is 64015478 prime?
False
Is 10790671 a prime number?
True
Is 4126139 a prime number?
True
Is 81246743 a composite number?
False
Is 1821452257 a composite number?
False
Is 574109359 composite?
False
Is 93423469 a composite number?
False
Is 48942431 a prime number?
True
Is 56650757 composite?
True
Is 5118593 a prime number?
False
Is 7395637 a composite number?
False
Is 5692883 prime?
False
Is 135870379 prime?
True
Is 984863093 a composite number?
False
Is 2549023 a prime number?
False
Is 1092583 prime?
True
Is 20421682 a prime number?
False
Is 1952733 a composite number?
True
Is 146157043 a prime number?
False
Is 472541 a prime number?
True
Is 7290161 a composite number?
True
Is 3036061 a prime number?
False
Is 259091507 prime?
False
Is 27393127 a composite number?
False
Is 12977071 a composite number?
False
Is 9590219 a composite number?
False
Is 13121803 prime?
True
Is 341919485 a prime number?
False
Is 1404932999 a composite number?
False
Is 3160687 prime?
True
Is 1331227 a prime number?
True
Is 58219579 a prime number?
False
Is 213062771 a prime number?
True
Is 699931 a prime number?
True
Is 98116883 a composite number?
True
Is 22761593 prime?
False
Is 89553613 composite?
True
Is 240152881 composite?
True
Is 16578511 composite?
True
Is 3982753 a prime number?
False
Is 7765711 a composite number?
False
Is 182280907 composite?
True
Is 4701253 prime?
True
Is 3742511 composite?
True
Is 688217 a composite number?
False
Is 73763191 a prime number?
True
Is 850662719 a composite number?
False
Is 8346977 a prime number?
True
Is 757153801 a prime number?
False
Is 23245457 composite?
True
Is 124659683 prime?
False
Is 260934251 a prime number?
False
Is 134204711 a prime number?
True
Is 44179273 a prime number?
True
Is 95560453 a prime number?
True
Is 34042807 prime?
True
Is 27733289 a composite number?
False
Is 32324095 composite?
True
Is 5817205 a prime number?
False
Is 6423403 composite?
True
Is 53639959 prime?
True
Is 2225302 a prime number?
False
Is 9541897 composite?
True
Is 6417626 a composite number?
True
Is 2987947 prime?
True
Is 588595255 composite?
True
Is 78203 prime?
True
Is 51254483 a composite number?
True
Is 6491021 a composite number?
True
Is 39375641 a composite number?
True
Is 265784047 prime?
False
Is 2120446 prime?
False
Is 36068027 composite?
False
Is 75704837 composite?
True
Is 413798971 composite?
False
Is 16297297 a prime number?
False
Is 26288209 a composite number?
False
Is 209226057 a composite number?
True
Is 28295369 composite?
False
Is 61849211 prime?
True
Is 993 prime?
False
Is 12029501 composite?
True
Is 4302049 a prime number?
True
Is 4837318 composite?
True
Is 920891 composite?
False
Is 765996151 a composite number?
True
Is 1706069 a composite number?
True
Is 20272622 a prime number?
False
Is 45702341 a composite number?
True
Is 6445469 prime?
False
Is 86011847 a prime number?
False
Is 6080267 prime?
True
Is 2728783 a prime number?
False
Is 412333 prime?
True
Is 10108837 prime?
False
Is 24392131 a composite number?
True
Is 45952231 prime?
False
Is 244622717 composite?
False
Is 3592289 a composite number?
False
Is 1334273 a prime number?
True
Is 17842543 prime?
True
Is 121645694 a prime number?
False
Is 18603579 a prime number?
False
Is 10075253 a prime number?
False
Is 14420779 composite?
False
Is 128438989 composite?
True
Is 73639057 a prime number?
False
Is 4600811 a prime number?
True
Is 1657519 composite?
False
Is 1172033 a composite number?
True
Is 1190207 a prime number?
False
Is 123517 a composite number?
False
Is 431193137 composite?
False
Is 76929353 a composite number?
False
Is 207868823 prime?
True
Is 137709581 a composite number?
False
Is 120613769 prime?
False
Is 86705687 a composite number?
True
Is 442759 a composite number?
True
Is 125073173 a prime number?
False
Is 1364911 a composite number?
False
Is 1676303 a composite number?
False
Is 248436667 a prime number?
False
Is 352885001 a prime number?
False
Is 1049291411 a prime number?
False
Is 165803 composite?
True
Is 225400157 composite?
False
Is 46271207 prime?
True
Is 8737258 composite?
True
Is 14110759 prime?
False
Is 11727403 a composite number?
False
Is 12740197 a prime number?
True
Is 5745489 prime?
False
Is 123642619 a prime number?
True
Is 86152397 a composite number?
False
Is 26251361 prime?
True
Is 102606457 prime?
False
Is 1403249 a composite number?
False
Is 5267921 composite?
True
Is 20115397 a prime number?
True
Is 7034485 composite?
True
Is 288519917 composite?
True
Is 9858619 prime?
False
Is 5420789 a prime number?
False
Is 2562881 a composite number?
False
Is 1634993 a prime number?
False
Is 7990037 composite?
True
Is 106282073 a composite number?
True
Is 114260737 composite?
True
Is 5981533 prime?
True
Is 123663857 a prime number?
False
Is 14295419 prime?
False
Is 335779 composite?
True
Is 2814187 a prime number?
False
Is 1895239 a composite number?
False
Is 3827183 a composite number?
True
Is 2116039 a composite number?
False
Is 12374267 prime?
False
Is 13206601 composite?
False
Is 253702303 prime?
False
Is 115493914 composite?
True
Is 23598671 composite?
False
Is 10372903 a prime number?
True
Is 11247409 a prime number?
True
Is 4049083 prime?
False
Is 9084611 prime?
True
Is 96055499 a composite n